5) - 122/(-5). Let g be (-12)/m*112/z. What is the highest common factor of g and 308?
28
Let f(l) = 6 - 17*l**2 + 9*l - 8*l**2 + 24*l**2. Let u be f(7). Let v(q) = 2*q**2 - 8*q + 10. Let m be v(9). Calculate the highest common factor of u and m.
20
Let w = 88 + -80. Suppose -2*d - 3 + w = m, -5 = d - m. Suppose -n + 5*t = -72, 4*n + 4*t - 3*t - 309 = d. What is the greatest common factor of n and 11?
11
Suppose -3*h - 263 = -f - f, -3*h = -4*f + 523. Suppose 5*y - 670 = -4*v - v, y - f = -3*v. What is the highest common factor of y and 17?
17
Let c be (1 + 1)/((-1)/(-17)). Let q(y) = -y**3 - 14*y**2 + 117*y + 25. Let k be q(-20). What is the greatest common divisor of k and c?
17
Suppose 3*i - 76*p + 1623 = -71*p, 2*i + 4*p + 1082 = 0. Let z = i + 613. Calculate the highest common divisor of 18 and z.
18
Let y(z) = 2*z**2 + 126*z - 74. Let r be y(-65). Calculate the greatest common divisor of r and 62.
62
Let w(d) = -13*d + 43. Let b be w(3). Suppose 3*r - 76 = 5*i, 0 = -6*r + r + b*i + 131. What is the highest common factor of 297 and r?
27
Suppose 4*i - 4*p - 19 = 105, 3*i - 95 = 4*p. Suppose 6*n - 28 = -n. Let m be i/3 - (n + 10/(-3)). What is the highest common divisor of m and 9?
9
Let v be (13 + -3)/(33/(-9) + 3). Let l = v - -71. Let k be (-10 - l)*(-2)/6. Calculate the greatest common divisor of k and 242.
22
Let p be 126/(-15) + 8 - (-7)/5. Let x be p/((205/(-70) + 3)*2). What is the highest common factor of x and 91?
7
Suppose -316*h + 294*h + 5808 = 0. Calculate the greatest common factor of 624 and h.
24
Let t be 8/14 + (-6)/8*(-13513320)/1890. What is the greatest common factor of 1903 and t?
173
Suppose 12*q + 16404 = 15*q. Suppose 1462 = 9*t - q. Calculate the greatest common divisor of t and 14.
14
Let u be 36/(-18)*(-294)/4. Suppose 109 + u = 16*y. What is the greatest common factor of y and 400?
16
Let q be (-3 - -1) + 2 - (5 - (7 - -8)). Let z(h) = 2 + h**3 + 6*h - 10*h**2 + 0 - 6. Let u be z(q). What is the highest common factor of u and 84?
28
Let b(v) = 18*v - 6. Let a be b(1). Suppose a*k = 14*k - 24. What is the highest common divisor of k and 30?
6
Let d(n) = -n**3 + 21*n**2 - 41*n + 460. Let l be d(20). Calculate the greatest common factor of 310 and l.
10
Let d(n) = 5*n - 120. Let g be d(24). Suppose z = -2*z + 6. Suppose z*j - 6*j + 20 = g. Calculate the greatest common divisor of 65 and j.
5
Let j = 623 - 619. Suppose -2*t - 182 = -j*b, 59 = -2*t + 65. What is the highest common factor of 752 and b?
47
Let z be -1*1/(-2) + 1350/180. Suppose 0 = 3*g + 42 - 147. Let f = g - 11. What is the greatest common divisor of z and f?
8
Let s(d) = -d**3 + 7*d**2 + 7*d - 14. Let b be s(4). Let x = 13 + b. Let m = 1 - -49. What is the greatest common divisor of x and m?
25
Suppose -71*r + 1996 = -2974. What is the highest common factor of 4690 and r?
70
Suppose -o + 4*r = 12, -4*r + 13 + 7 = o. Suppose o*g - 2145 = -481. Calculate the highest common divisor of 78 and g.
26
Let f(i) = 17*i - 6. Let m be f(2). Suppose 144 = 2*l - 5*c, -4*c + 98 + m = 2*l. Let p = l - 42. What is the highest common divisor of 75 and p?
25
Let v(j) = 4*j + 100. Let t(s) = s + 11. Let k be t(-11). Let r be v(k). What is the highest common divisor of r and 25?
25
Let l = -1 + 62. Suppose -l = -c - 26. Let a be 1/3 - 123/(-9). Calculate the highest common divisor of c and a.
7
Let p(h) = -h**2 - 29*h - 46. Let c be 8/6 + 110/(-6). Let m be p(c). What is the greatest common divisor of 237 and m?
79
Suppose 2*i = -3*i + 10, -4*v - i = -198. Suppose 1 = -d - 3*w + 19, 2*d + 4*w = 38. What is the greatest common factor of v and d?
7
Suppose q = -2*n + 68, 3*n - 2*n - 265 = -4*q. Let s be 6576/300 - 22/(-275). Calculate the highest common factor of q and s.
22
Suppose 0 = -31*d + 70*d - 19998 - 9954. Calculate the greatest common divisor of d and 72.
24
Suppose 4*q + 3*k - 255 = 0, -75 = -q - 0*k + 3*k. Let r = 333 - 168. What is the greatest common divisor of r and q?
33
Let m be (1029/1323)/(2/18). What is the greatest common divisor of m and 63?
7
Let x = -61 - -67. Suppose 18*b - 60 = x*b. Suppose 5*u - 265 = -5*d, -b*d + 0*d = -2*u - 286. Calculate the greatest common divisor of d and 70.
14
Suppose -4*x + 1245 + 52 = 3*n, 0 = -n + 4*x + 427. Suppose -n - 889 = -11*c. Let r be 18 + (1 - 2) + -2. Calculate the highest common divisor of r and c.
15
Suppose 2001*u - 1988*u - 51415 = 0. What is the greatest common divisor of 105 and u?
35
Suppose 6*u - 45*u = -33072. What is the highest common factor of u and 265?
53
Suppose -2 = -2*l - 5*p, -3*l + 98 = -162*p + 160*p. Suppose a + 9 = 35. What is the greatest common divisor of a and l?
26
Suppose 26*a = 22*a - 384. Let l(f) = -f - 6. Let y be l(6). Let u be (y/(-8))/((9/a)/(-1)). What is the greatest common factor of 144 and u?
16
Suppose -400*q + 231*q + 6929 = 0. Suppose 1 - 51 = 5*d. Let a = d + 51. What is the highest common factor of a and q?
41
Suppose -217 = 6*k - 23*k + 6090. Calculate the greatest common divisor of 21 and k.
7
Let s be (540/48)/((-1)/(-8)). Let t(y) = y**3 + 21*y**2 + 17*y - 40. Let p be t(-20). Calculate the highest common divisor of s and p.
10
Let x = 28406 - 27968. Calculate the highest common factor of x and 5548.
146
Let c = 39 - -25. Let p = -3233 + 3425. Calculate the highest common divisor of p and c.
64
Suppose -5*h + 65*h - h - 161660 = 0. What is the highest common divisor of 20 and h?
20
Let d = 6 + -2. Suppose d*u - 19 = 41. What is the greatest common factor of 195 and u?
15
Let j(b) = b**2 + 57*b - 1290. Let w be j(22). What is the greatest common divisor of 196 and w?
28
Let m(x) = x**3 + 7*x**2 - 8*x + 7. Let o be m(-7). Let v(d) = -1730*d + 62448. Let r be v(36). Calculate the greatest common factor of r and o.
21
Let u = -1058 + 1097. What is the greatest common factor of 1157 and u?
13
Let k be (375/(-30))/(12/(-96)). What is the greatest common divisor of k and 4175?
25
Let g be (-2)/4 + 37/2. Suppose b + b - g = 4*t, -2*t + 16 = 4*b. Suppose b*h = 7*h - 14. Calculate the greatest common factor of 14 and h.
7
Let q(u) = 13*u - 149. Let k be q(14). Let d = k - -256. What is the highest common factor of 17 and d?
17
Let q(l) = l**3 + 26*l**2 + 8*l + 184. Let d be q(-10). What is the highest common divisor of d and 744?
24
Suppose 3393 = 36*l - 891. Calculate the greatest common factor of l and 7.
7
Let l = -10 + 14. Suppose -2*o - 3*i = -16, 7*o - l*o - i - 2 = 0. Suppose -11 - 9 = -o*z. What is the highest common factor of z and 30?
10
Suppose 4*z - 84 = -5*i, 69*z - 66*z + 6 = 2*i. What is the greatest common divisor of i and 2388?
12
Suppose 1534 = 112*k - 5858. Calculate the highest common factor of k and 1364.
22
Suppose -k = 2*k - 15. Suppose z - 3 = 3*r, 23 = -z + k*z - r. Suppose -z*c + c + 110 = 0. Calculate the greatest common divisor of c and 110.
22
Suppose 3*q = -q + 232. Suppose 4*i = 7*i - w - 47, w = -4*i + q. Let u be i/3 - (4 + -2). What is the highest common divisor of 4 and u?
1
Let d(z) = -z**3 + 4*z**2 + 5*z - 2. Let x be d(4). Let n = 8 - x. Let t = 8 - n. What is the greatest common divisor of t and 2?
2
Suppose 0 = 3*v + 5*h - 143, 2*v + 52*h - 128 = 51*h. Let k(i) = 240*i + 7. Let g be k(5). What is the greatest common divisor of v and g?
71
Let b be -7 - 1/(7/(-462)). Let j = 150 + b. Calculate the greatest common factor of 11 and j.
11
Let u = 77 - 81. Let p be (0/u + 2/7)*14. Suppose p*j = -12, -2*a - 3*a - 5*j = -175. What is the highest common divisor of a and 95?
19
Let c = 63 + -55. Let b be (-6)/c + 1 + 189/108. Suppose -b*k - 95 = -113. What is the highest common divisor of k and 90?
9
Suppose 369*z = 373*z - 1196. Suppose q + 3*p = 299, q - 4*p - z = -0*q. Calculate the greatest common divisor of 46 and q.
23
Suppose i - 5434 = -5*i - 13*i. Calculate the highest common divisor of 3575 and i.
143
Suppose -2*t = -m + 2, -19*t + 17*t + 3*m - 6 = 0. Suppose 3*n = -4*r + 388, t = -n + 3*r + 24 + 101. What is the greatest common factor of n and 80?
16
Let g be (-8414)/(-56) + (-2)/8. Suppose 3*k = -k - 28. Let s = 23 - k. What is the highest common divisor of s and g?
30
Suppose 5*l - 5208 = -4*j, -5026 = 10*l - 15*l + 22*j. Calculate the highest common divisor of 756 and l.
28
Suppose -34 = -5*k - 4. Suppose -k*w + 765 - 117